ppose t - 3*z + 1 - 13 = 0, -t - z = 0. Let y be t + (0 - (19 + 0)). What are the prime factors of (-132)/(-16)*y/(-4)?
3, 11
List the prime factors of 8299 - 10*(-24)/(-80).
2, 17, 61
Let a(t) be the second derivative of -t**5/20 - 3*t**4/4 - t**3 + t**2 + t. Let y = -1576 + 1565. List the prime factors of a(y).
2, 5, 31
Suppose q - 6 = 211. Suppose -3*b + 203 + q = 0. What are the prime factors of b?
2, 5, 7
Let p(z) = z**3 - 17*z**2 - 25 + z**3 + 3*z + 48 - 13*z**2. List the prime factors of p(16).
11, 53
Let p be 18/153 - (-132)/34. Suppose -527 = -s + 3*h, -2*s + 1066 = h - p*h. What are the prime factors of s?
7, 11
Let n = -517 + -36. Let o = 902 + n. List the prime factors of o.
349
Suppose -350302 = -21*t + 95108. List the prime factors of t.
2, 3, 5, 7, 101
Suppose 3*f + 40 + 5 = 0. Let m = f - -113. List the prime factors of m.
2, 7
Let t(u) = 2*u + 3*u + 40 + 50 - 12. Let f be (2/1)/(8 - 1712/216). List the prime factors of t(f).
3, 71
Suppose -17*v + 415579 = 6*v - 638235. What are the prime factors of v?
2, 31, 739
Let k = -7233 - -10473. Suppose 2*y + k = 22*y. What are the prime factors of y?
2, 3
Let r(s) = s**2 - s - 6. Let y be r(4). Suppose -159 = y*u + 75. Let i = u - -69. List the prime factors of i.
2, 3, 5
Suppose 30*t - 2675 = 25*t. List the prime factors of (0 + (-8)/(-10))*t.
2, 107
Let d = 16315 + -11571. List the prime factors of d.
2, 593
Let t(s) = 8*s**3 - 15*s + 7*s**3 - 2*s**2 + 4 - 16*s**3. Let y be t(-7). Suppose 3*q = 3*b - y, 7*b + 2*q = 4*b + 334. List the prime factors of b.
2, 3, 19
Suppose -10 = c + 2. Let x(m) = 5*m**2 - 21*m - 3. Let q be x(7). List the prime factors of (c/10)/((-1)/q).
2, 3, 19
Let y be ((-480)/(-75))/(2/130). Let g = 890 - y. What are the prime factors of g?
2, 3, 79
Suppose u - 31 = 2*b - 144, 4*u - 302 = -5*b. Suppose -q - b = -4*j, -4*q + 0 - 67 = -5*j. Let p = j + -5. List the prime factors of p.
2, 5
Let w(r) be the second derivative of -r**3/6 + 116*r**2 + r - 5. What are the prime factors of w(0)?
2, 29
Suppose 4*t + 0*t = -104. Let a = 160 + -55. Let b = t + a. List the prime factors of b.
79
Let g be 200*(0 - (-5)/10*1). Let n = 203 - g. What are the prime factors of n?
103
Let v(u) = 6*u + 31. Let r(d) = 10*d - 164. Let x be r(20). What are the prime factors of v(x)?
13, 19
Suppose 4*y - 22615 = -2*t + 3489, 0 = 3*t - y - 39205. List the prime factors of t.
2, 47, 139
Let u = -448 - -448. Suppose u = -6*c + 4803 + 1281. What are the prime factors of c?
2, 3, 13
Let p(k) = -2445*k**2 + 1217*k**2 + 1222*k**2 - 2*k**3 + 3*k + 85. What are the prime factors of p(-8)?
701
Suppose 3*a - 19517 = y + 3*y, -5*a - 4*y = -32507. Suppose 7*p = 5*o + 6*p - a, -5*p = -5*o + 6515. List the prime factors of o.
2, 5, 13
Suppose 59 = d + 61. List the prime factors of (10/2 + 1798/(-2))/d.
3, 149
Let o(r) = -r**2 + 18*r - 17. Let q be o(16). Let a = q - 14. Suppose -2*t + 7 + a = y, 2*y = -3*t + 15. List the prime factors of y.
2, 3
What are the prime factors of 34*(-927)/24*(-2 + (-2)/3)?
2, 17, 103
Let k = -3114 + 5774. What are the prime factors of (0 + 4/10)/(28/k)?
2, 19
Let k(h) = 32*h + 2. Let v(z) = z**3 + 6*z**2 + 7*z + 5. Let g be v(-4). Let r be k(g). Suppose -8*w = -3*w - r. What are the prime factors of w?
2, 29
Let d(i) = -i**2 + 9*i - 12. Let k be d(6). Suppose k = -0*p + 2*p + 2*y, -5*y = -5*p - 5. What are the prime factors of 7*(-1 + 2)*p?
7
Suppose -4*m + 3*m = 4*l - 4078, 5*m + 2*l = 20390. List the prime factors of m.
2, 2039
Let t(m) = m + 11. Let a be t(-11). Suppose 2*b - 4*b - 4*q - 166 = a, 246 = -3*b - 3*q. Let l = b + 265. List the prime factors of l.
2, 23
Let b = 14749 + -12261. List the prime factors of b.
2, 311
Suppose -3*o = d - 37, -4*d + 14 = 5*o - 50. What are the prime factors of (-1230)/9*((-90)/o + 0)?
5, 41
Let n = -106 + -235. Let z = 1217 + n. What are the prime factors of z?
2, 3, 73
Let f(b) = b**3 - 20*b**2 + 197*b + 37. What are the prime factors of f(22)?
19, 281
Suppose 0 = 3*k + 774 + 132. Let m = k + 1385. What are the prime factors of m/9 - (-5)/(-60)*4?
2, 3, 5
Suppose 7*h = 12*h - 1840. Let g be (h/(-20))/((2 - 0)/10). Let s = 132 + g. List the prime factors of s.
2, 5
Let x(l) = -l**2 + 1 - 11 - 325*l + 286*l + 0 - 16. What are the prime factors of x(-31)?
2, 3, 37
Let u(y) = 37*y - 1. Suppose -2*l - 43 - 69 = 0. Let c = 59 + l. List the prime factors of u(c).
2, 5, 11
Let i(y) be the third derivative of 36*y**2 + 0 + 7/3*y**4 + 0*y - 19/6*y**3. List the prime factors of i(3).
149
Let s = 219 + -214. Suppose 3*y + 2390 = -122*a + 124*a, 5*a = s*y + 5970. What are the prime factors of a?
2, 149
Let p = -11443 + 20642. What are the prime factors of p?
9199
What are the prime factors of (6760/117)/(-26) + 4/18 - -18865?
13, 1451
Let o(s) = -3*s**2 + 2. Let d be o(0). Suppose 0 = -5*g + d*t - t + 3921, -g = -5*t - 789. What are the prime factors of g?
2, 7
Suppose 20*l - 104994 = 32*l + 45*l. Suppose 3 = -z - 3*a - 3, -4*a - 3 = z. What are the prime factors of l/(-10) + 3/z?
2, 23
Suppose 4*y = 3*v - 3068, 3*v + 4*y - 4128 = -v. Let m = -591 + v. What are the prime factors of m?
19, 23
Suppose b - 208 = -15*m + 13*m, 4*b - 5*m = 845. List the prime factors of 352310/b - 4/6.
3, 13, 43
Suppose 11*f = 7*f + 8. Suppose -4*q + 333 + 79 = 4*z, f*z - 205 = -q. Suppose 2*p = -5*d + 126, 3*d + d = -2*p + z. List the prime factors of d.
2, 3
Let x(v) = -7442*v**3 - 2*v**2 - 4*v + 7. Let l be x(2). What are the prime factors of l/(-45) + (-6)/27?
3, 7
Let d(l) = -l**3 + 27*l**2 - 14*l - 35. Let u be (-75)/(-2)*(3 + (-35)/15). What are the prime factors of d(u)?
5, 173
Suppose -43*g + 382986 + 614873 - 227901 = 0. What are the prime factors of g?
2, 7, 1279
Suppose -3521 = -33*f + 1429. Suppose -2*l + 50 = -3*l. Let o = f + l. List the prime factors of o.
2, 5
List the prime factors of ((-36)/(-84) + (-48)/14 - -25147) + -1.
3, 17, 29
Suppose -12*f + 3841 - 14581 = 0. Let q = -631 - f. List the prime factors of q.
2, 3, 11
Let x(z) = 4*z**2 + 45*z - 569. What are the prime factors of x(33)?
2, 659
Suppose -10*t = -40633 + 15373. List the prime factors of t.
2, 3, 421
List the prime factors of (-1 - 6/4)*((-4524464)/(-70))/(-29).
2, 7, 199
Let o(u) be the third derivative of -7/2*u**3 + 0 + 13/24*u**4 + 0*u + 6*u**2. List the prime factors of o(10).
109
Suppose 3*b + c + 8488 = 128819, b = c + 40101. List the prime factors of b.
2, 37, 271
Suppose 476*d = 467*d + 13590. Let k = -787 + d. What are the prime factors of k?
3, 241
Let x(z) = 419*z - 191. Let d be x(33). Suppose -d + 2546 = -10*l. List the prime factors of l.
1109
Let x = 38 - 42. What are the prime factors of (-22)/((-44)/x) - (-241 - 0)?
239
Let s(t) = -t**2 - 13*t + 76. Let w be s(4). Suppose 9 = -3*x, 3*n = -11*x + w*x + 3648. What are the prime factors of n?
23, 53
Let v = -160 - -162. Suppose v*p - 756 - 422 = 0. List the prime factors of p.
19, 31
Suppose -u = -3*j - 624, -4*u - u + 3*j = -3060. Suppose -w + u = 374. List the prime factors of w.
5, 47
Let f = -806 + 10087. List the prime factors of f.
9281
Let z be 1/3 + 24/9. Let w(c) = -2*c**3 + c**2 + 6*c + 5. Let n be w(-1). Suppose u = k + 2*k + 147, 0 = -n*u + z*k + 291. What are the prime factors of u?
2, 3
Let x be 9*((-2)/9 + (-1608)/54). Let q = -421 - x. Let r = q - -270. List the prime factors of r.
7, 17
Suppose n = -22*n + 382122. Suppose n = 44*z - 9566. List the prime factors of z.
5, 7, 17
Suppose 8*o - 11*o + 21 = 0. Suppose l - 9 = 2*y, 4*y + 8 = l - o. Suppose -q + 4*q = l*c + 63, 27 = 2*q + c. List the prime factors of q.
2
Let k be (-7 - -14)/35*0/(-3). What are the prime factors of 6*(k + 1284/18)?
2, 107
List the prime factors of ((-2)/3 - -1)/(106658/6273 + -17).
3, 41
Let c(s) = 10*s + 192. Let m be c(-26). Let r = -65 - m. List the prime factors of r.
3
Let b(j) = 5*j**2 + j + 33. Let u be b(7). Let n = u - 114. What are the prime factors of n?
3, 19
Let n = -4 + 18. Suppose 3466 = n*j - 3002. What are the prime factors of j?
2, 3, 7, 11
Let k be (4/3)/(((-80)/(-36))/5). Suppose 3*g = -k*f + g - 8, -3*f + g + 4 = 0. Suppose f = 3*v - 411 - 192. What are the prime factors of v?
3, 67
Let r be (-1 - -186)*(82/10 + -4). Let c = r + -225. What are the prime factors of c?
2, 3, 23
Let g = -481 + 672. Suppo